{"id":10,"date":"2020-08-31T12:24:00","date_gmt":"2020-08-31T12:24:00","guid":{"rendered":"http:\/\/rework.malermerenda.ch\/wordpress\/?page_id=10"},"modified":"2020-12-19T08:45:59","modified_gmt":"2020-12-19T08:45:59","slug":"firma","status":"publish","type":"page","link":"https:\/\/malermerenda.ch\/index.php\/firma\/","title":{"rendered":"\u00dcber Uns"},"content":{"rendered":"\n<p class=\"has-text-align-center\">Bei uns Malt der Chef noch selbst! Seit 2019 beiten wir im Raum Schwyz Qualit\u00e4t und Flexibilit\u00e4t. Ob Lackieren, Malen oder Renovieren von Geb\u00e4uden oder Booten, wir machen es!<\/p>\n\n\n\n<p class=\"has-text-align-center\">Kontaktieren Sie uns unverbindlich f\u00fcr eine Offerte unter info@malermerenda.ch oder 079 692 25 07<\/p>\n\n\n\n<div class=\"wp-block-image\"><figure class=\"aligncenter size-large is-resized\"><img loading=\"lazy\" src=\"http:\/\/rework.malermerenda.ch\/wordpress\/wp-content\/uploads\/2020\/10\/IMG-20201015-WA0001.jpg\" alt=\"\" class=\"wp-image-76\" width=\"512\" height=\"512\" srcset=\"https:\/\/malermerenda.ch\/wp-content\/uploads\/2020\/10\/IMG-20201015-WA0001.jpg 1024w, https:\/\/malermerenda.ch\/wp-content\/uploads\/2020\/10\/IMG-20201015-WA0001-300x300.jpg 300w, https:\/\/malermerenda.ch\/wp-content\/uploads\/2020\/10\/IMG-20201015-WA0001-150x150.jpg 150w, https:\/\/malermerenda.ch\/wp-content\/uploads\/2020\/10\/IMG-20201015-WA0001-768x768.jpg 768w\" sizes=\"(max-width: 512px) 100vw, 512px\" \/><\/figure><\/div>\n","protected":false},"excerpt":{"rendered":"<p>Bei uns Malt der Chef noch selbst! Seit 2019 beiten wir im Raum Schwyz Qualit\u00e4t und Flexibilit\u00e4t. Ob Lackieren, Malen oder Renovieren von Geb\u00e4uden oder Booten, wir machen es! Kontaktieren Sie uns unverbindlich f\u00fcr eine Offerte unter info@malermerenda.ch oder 079 692 25 07<\/p>\n","protected":false},"author":1,"featured_media":0,"parent":0,"menu_order":0,"comment_status":"closed","ping_status":"closed","template":"","meta":{"ngg_post_thumbnail":0},"yoast_head":"<!-- This site is optimized with the Yoast SEO plugin v15.7 - https:\/\/yoast.com\/wordpress\/plugins\/seo\/ -->\n<title>\u00dcber Uns - Malermerenda<\/title>\n<meta name=\"robots\" content=\"index, follow, max-snippet:-1, max-image-preview:large, max-video-preview:-1\" \/>\n<link rel=\"canonical\" href=\"https:\/\/malermerenda.ch\/index.php\/firma\/\" \/>\n<meta property=\"og:locale\" content=\"de_DE\" \/>\n<meta property=\"og:type\" content=\"article\" \/>\n<meta property=\"og:title\" content=\"\u00dcber Uns - Malermerenda\" \/>\n<meta property=\"og:description\" content=\"Bei uns Malt der Chef noch selbst! Seit 2019 beiten wir im Raum Schwyz Qualit\u00e4t und Flexibilit\u00e4t. Ob Lackieren, Malen oder Renovieren von Geb\u00e4uden oder Booten, wir machen es! Kontaktieren Sie uns unverbindlich f\u00fcr eine Offerte unter info@malermerenda.ch oder 079 692 25 07\" \/>\n<meta property=\"og:url\" content=\"https:\/\/malermerenda.ch\/index.php\/firma\/\" \/>\n<meta property=\"og:site_name\" content=\"Malermerenda\" \/>\n<meta property=\"article:modified_time\" content=\"2020-12-19T08:45:59+00:00\" \/>\n<meta property=\"og:image\" content=\"http:\/\/rework.malermerenda.ch\/wordpress\/wp-content\/uploads\/2020\/10\/IMG-20201015-WA0001.jpg\" \/>\n<meta name=\"twitter:card\" content=\"summary_large_image\" \/>\n<script type=\"application\/ld+json\" class=\"yoast-schema-graph\">{\"@context\":\"https:\/\/schema.org\",\"@graph\":[{\"@type\":\"WebSite\",\"@id\":\"http:\/\/malermerenda.ch\/#website\",\"url\":\"http:\/\/malermerenda.ch\/\",\"name\":\"Malermerenda\",\"description\":\"Ihr Maler in Schwyz\",\"potentialAction\":[{\"@type\":\"SearchAction\",\"target\":\"http:\/\/malermerenda.ch\/?s={search_term_string}\",\"query-input\":\"required name=search_term_string\"}],\"inLanguage\":\"de-CH\"},{\"@type\":\"ImageObject\",\"@id\":\"https:\/\/malermerenda.ch\/index.php\/firma\/#primaryimage\",\"inLanguage\":\"de-CH\",\"url\":\"http:\/\/rework.malermerenda.ch\/wordpress\/wp-content\/uploads\/2020\/10\/IMG-20201015-WA0001.jpg\"},{\"@type\":\"WebPage\",\"@id\":\"https:\/\/malermerenda.ch\/index.php\/firma\/#webpage\",\"url\":\"https:\/\/malermerenda.ch\/index.php\/firma\/\",\"name\":\"\\u00dcber Uns - Malermerenda\",\"isPartOf\":{\"@id\":\"http:\/\/malermerenda.ch\/#website\"},\"primaryImageOfPage\":{\"@id\":\"https:\/\/malermerenda.ch\/index.php\/firma\/#primaryimage\"},\"datePublished\":\"2020-08-31T12:24:00+00:00\",\"dateModified\":\"2020-12-19T08:45:59+00:00\",\"inLanguage\":\"de-CH\",\"potentialAction\":[{\"@type\":\"ReadAction\",\"target\":[\"https:\/\/malermerenda.ch\/index.php\/firma\/\"]}]}]}<\/script>\n<!-- \/ Yoast SEO plugin. -->","_links":{"self":[{"href":"https:\/\/malermerenda.ch\/index.php\/wp-json\/wp\/v2\/pages\/10"}],"collection":[{"href":"https:\/\/malermerenda.ch\/index.php\/wp-json\/wp\/v2\/pages"}],"about":[{"href":"https:\/\/malermerenda.ch\/index.php\/wp-json\/wp\/v2\/types\/page"}],"author":[{"embeddable":true,"href":"https:\/\/malermerenda.ch\/index.php\/wp-json\/wp\/v2\/users\/1"}],"replies":[{"embeddable":true,"href":"https:\/\/malermerenda.ch\/index.php\/wp-json\/wp\/v2\/comments?post=10"}],"version-history":[{"count":5,"href":"https:\/\/malermerenda.ch\/index.php\/wp-json\/wp\/v2\/pages\/10\/revisions"}],"predecessor-version":[{"id":155,"href":"https:\/\/malermerenda.ch\/index.php\/wp-json\/wp\/v2\/pages\/10\/revisions\/155"}],"wp:attachment":[{"href":"https:\/\/malermerenda.ch\/index.php\/wp-json\/wp\/v2\/media?parent=10"}],"curies":[{"name":"wp","href":"https:\/\/api.w.org\/{rel}","templated":true}]}}

Über Uns

<p class="has-text-align-center">Bei uns Malt der Chef noch selbst! Seit 2019 beiten wir im Raum Schwyz Qualität und Flexibilität. Ob Lackieren, Malen oder Renovieren von Gebäuden oder Booten, wir machen es!</p>



<p class="has-text-align-center">Kontaktieren Sie uns unverbindlich für eine Offerte unter info@malermerenda.ch oder 079 692 25 07</p>



<div class="wp-block-image"><figure class="aligncenter size-large is-resized"><img loading="lazy" src="http://rework.malermerenda.ch/wordpress/wp-content/uploads/2020/10/IMG-20201015-WA0001.jpg" alt="" class="wp-image-76" width="512" height="512" srcset="https://malermerenda.ch/wp-content/uploads/2020/10/IMG-20201015-WA0001.jpg 1024w, https://malermerenda.ch/wp-content/uploads/2020/10/IMG-20201015-WA0001-300x300.jpg 300w, https://malermerenda.ch/wp-content/uploads/2020/10/IMG-20201015-WA0001-150x150.jpg 150w, https://malermerenda.ch/wp-content/uploads/2020/10/IMG-20201015-WA0001-768x768.jpg 768w" sizes="(max-width: 512px) 100vw, 512px" /></figure></div>

<p>Bei uns Malt der Chef noch selbst! Seit 2019 beiten wir im Raum Schwyz Qualität und Flexibilität. Ob Lackieren, Malen oder Renovieren von Gebäuden oder Booten, wir machen es! Kontaktieren Sie uns unverbindlich für eine Offerte unter info@malermerenda.ch oder 079 692 25 07</p>

<!-- This site is optimized with the Yoast SEO plugin v15.7 - https://yoast.com/wordpress/plugins/seo/ -->
<title>Über Uns - Malermerenda</title>
<meta name="robots" content="index, follow, max-snippet:-1, max-image-preview:large, max-video-preview:-1" />
<link rel="canonical" href="https://malermerenda.ch/index.php/firma/" />
<meta property="og:locale" content="de_DE" />
<meta property="og:type" content="article" />
<meta property="og:title" content="Über Uns - Malermerenda" />
<meta property="og:description" content="Bei uns Malt der Chef noch selbst! Seit 2019 beiten wir im Raum Schwyz Qualität und Flexibilität. Ob Lackieren, Malen oder Renovieren von Gebäuden oder Booten, wir machen es! Kontaktieren Sie uns unverbindlich für eine Offerte unter info@malermerenda.ch oder 079 692 25 07" />
<meta property="og:url" content="https://malermerenda.ch/index.php/firma/" />
<meta property="og:site_name" content="Malermerenda" />
<meta property="article:modified_time" content="2020-12-19T08:45:59+00:00" />
<meta property="og:image" content="http://rework.malermerenda.ch/wordpress/wp-content/uploads/2020/10/IMG-20201015-WA0001.jpg" />
<meta name="twitter:card" content="summary_large_image" />
<script type="application/ld+json" class="yoast-schema-graph">{"@context":"https://schema.org","@graph":[{"@type":"WebSite","@id":"http://malermerenda.ch/#website","url":"http://malermerenda.ch/","name":"Malermerenda","description":"Ihr Maler in Schwyz","potentialAction":[{"@type":"SearchAction","target":"http://malermerenda.ch/?s={search_term_string}","query-input":"required name=search_term_string"}],"inLanguage":"de-CH"},{"@type":"ImageObject","@id":"https://malermerenda.ch/index.php/firma/#primaryimage","inLanguage":"de-CH","url":"http://rework.malermerenda.ch/wordpress/wp-content/uploads/2020/10/IMG-20201015-WA0001.jpg"},{"@type":"WebPage","@id":"https://malermerenda.ch/index.php/firma/#webpage","url":"https://malermerenda.ch/index.php/firma/","name":"\u00dcber Uns - Malermerenda","isPartOf":{"@id":"http://malermerenda.ch/#website"},"primaryImageOfPage":{"@id":"https://malermerenda.ch/index.php/firma/#primaryimage"},"datePublished":"2020-08-31T12:24:00+00:00","dateModified":"2020-12-19T08:45:59+00:00","inLanguage":"de-CH","potentialAction":[{"@type":"ReadAction","target":["https://malermerenda.ch/index.php/firma/"]}]}]}</script>
<!-- / Yoast SEO plugin. -->
